the remainder when 56 is divided by 10.
6
What is the remainder when 7629 is divided by 48?
45
Calculate the remainder when 251 is divided by 16.
11
What is the remainder when 200 is divided by 155?
45
What is the remainder when 264 is divided by 67?
63
Calculate the remainder when 231 is divided by 47.
43
Calculate the remainder when 69 is divided by 34.
1
What is the remainder when 2136 is divided by 69?
66
Calculate the remainder when 25257 is divided by 73.
72
Calculate the remainder when 162 is divided by 112.
50
What is the remainder when 71 is divided by 23?
2
Calculate the remainder when 313 is divided by 21.
19
Calculate the remainder when 807 is divided by 10.
7
Calculate the remainder when 634 is divided by 92.
82
What is the remainder when 54 is divided by 18?
0
Calculate the remainder when 3385 is divided by 103.
89
What is the remainder when 48 is divided by 27?
21
What is the remainder when 88 is divided by 14?
4
Calculate the remainder when 91 is divided by 34.
23
Calculate the remainder when 5537 is divided by 142.
141
Calculate the remainder when 2779 is divided by 27.
25
Calculate the remainder when 4553 is divided by 1137.
5
Calculate the remainder when 4945 is divided by 43.
0
Calculate the remainder when 673 is divided by 13.
10
What is the remainder when 149 is divided by 23?
11
Calculate the remainder when 410 is divided by 127.
29
Calculate the remainder when 6800 is divided by 19.
17
What is the remainder when 104 is divided by 15?
14
What is the remainder when 161 is divided by 81?
80
Calculate the remainder when 2514 is divided by 44.
6
What is the remainder when 90 is divided by 17?
5
What is the remainder when 230 is divided by 45?
5
Calculate the remainder when 66 is divided by 56.
10
What is the remainder when 55 is divided by 7?
6
What is the remainder when 69 is divided by 4?
1
What is the remainder when 339 is divided by 116?
107
What is the remainder when 405 is divided by 185?
35
Calculate the remainder when 1835 is divided by 68.
67
What is the remainder when 420 is divided by 53?
49
What is the remainder when 265 is divided by 38?
37
Calculate the remainder when 296 is divided by 10.
6
Calculate the remainder when 1879 is divided by 682.
515
What is the remainder when 88 is divided by 51?
37
What is the remainder when 113 is divided by 9?
5
What is the remainder when 530 is divided by 34?
20
Calculate the remainder when 110 is divided by 35.
5
What is the remainder when 454 is divided by 99?
58
Calculate the remainder when 1315 is divided by 656.
3
What is the remainder when 4392 is divided by 14?
10
What is the remainder when 736 is divided by 144?
16
Calculate the remainder when 134 is divided by 17.
15
What is the remainder when 1932 is divided by 961?
10
Calculate the remainder when 1202 is divided by 259.
166
What is the remainder when 92 is divided by 42?
8
Calculate the remainder when 264 is divided by 71.
51
What is the remainder when 2268 is divided by 731?
75
Calculate the remainder when 96 is divided by 50.
46
What is the remainder when 540 is divided by 21?
15
Calculate the remainder when 742 is divided by 107.
100
Calculate the remainder when 287 is divided by 42.
35
What is the remainder when 1495 is divided by 299?
0
What is the remainder when 55 is divided by 3?
1
Calculate the remainder when 24039 is divided by 10.
9
What is the remainder when 1009 is divided by 22?
19
Calculate the remainder when 202 is divided by 7.
6
What is the remainder when 261 is divided by 71?
48
What is the remainder when 2105 is divided by 151?
142
Calculate the remainder when 2205 is divided by 6.
3
What is the remainder when 73 is divided by 2?
1
What is the remainder when 153 is divided by 50?
3
What is the remainder when 1028 is divided by 22?
16
Calculate the remainder when 589 is divided by 59.
58
What is the remainder when 247 is divided by 23?
17
What is the remainder when 2097 is divided by 81?
72
What is the remainder when 4739 is divided by 197?
11
Calculate the remainder when 749 is divided by 63.
56
What is the remainder when 281 is divided by 93?
2
Calculate the remainder when 25 is divided by 2.
1
Calculate the remainder when 967 is divided by 17.
15
What is the remainder when 2267 is divided by 189?
188
What is the remainder when 149 is divided by 90?
59
What is the remainder when 1053 is divided by 22?
19
What is the remainder when 2521 is divided by 4?
1
Calculate the remainder when 174 is divided by 61.
52
What is the remainder when 525 is divided by 86?
9
What is the remainder when 27 is divided by 8?
3
Calculate the remainder when 6654 is divided by 22.
10
What is the remainder when 80 is divided by 3?
2
Calculate the remainder when 489 is divided by 159.
12
Calculate the remainder when 247 is divided by 9.
4
What is the remainder when 140 is divided by 12?
8
Calculate the remainder when 248 is divided by 79.
11
What is the remainder when 2037 is divided by 203?
7
Calculate the remainder when 440 is divided by 74.
70
What is the remainder when 2624 is divided by 18?
14
Calculate the remainder when 2182 is divided by 23.
20
What is the remainder when 318 is divided by 59?
23
What is the remainder when 14666 is divided by 19?
17
Calculate the remainder when 552 is divided by 7.
6
Calculate the remainder when 140 is divided by 49.
42
Calculate the remainder when 81 is divided by 21.
18
Calculate the remainder when 242 is divided by 112.
18
Calculate the remainder when 362 is divided by 23.
17
What is the remainder when 1214 is divided by 19?
17
Calculate the remainder when 108 is divided by 22.
20
What is the remainder when 2743 is divided by 28?
27
Calculate the remainder when 712 is divided by 5.
2
Calculate the remainder when 122 is divided by 51.
20
Calculate the remainder when 188 is divided by 50.
38
What is the remainder when 527 is divided by 59?
55
What is the remainder when 454 is divided by 114?
112
Calculate the remainder when 547 is divided by 22.
19
Calculate the remainder when 133 is divided by 42.
7
Calculate the remainder when 100 is divided by 29.
13
Calculate the remainder when 36647 is divided by 18.
17
What is the remainder when 366 is divided by 113?
27
What is the remainder when 263 is divided by 27?
20
What is the remainder when 163 is divided by 46?
25
What is the remainder when 18 is divided by 2?
0
What is the remainder when 85 is divided by 13?
7
Calculate the remainder when 125 is divided by 18.
17
Calculate the remainder when 233 is divided by 109.
15
What is the remainder when 10735 is divided by 118?
115
Calculate the remainder when 375 is divided by 28.
11
Calculate the remainder when 168 is divided by 116.
52
What is the remainder when 159 is divided by 60?
39
Calculate the remainder when 137 is divided by 4.
1
What is the remainder when 1079 is divided by 90?
89
Calculate the remainder when 224 is divided by 102.
20
What is the remainder when 533 is divided by 107?
105
Calculate the remainder when 170 is divided by 61.
48
Calculate the remainder when 400 is divided by 45.
40
What is the remainder when 1296 is divided by 47?
27
What is the remainder when 592 is divided by 27?
25
Calculate the remainder when 1581 is divided by 33.
30
Calculate the remainder when 111 is divided by 68.
43
Calculate the remainder when 1014 is divided by 338.
0
Calculate the remainder when 901 is divided by 54.
37
Calculate the remainder when 6569 is divided by 106.
103
Calculate the remainder when 370 is divided by 112.
34
What is the remainder when 2026 is divided by 29?
25
Calculate the remainder when 141 is divided by 120.
21
Calculate the remainder when 12 is divided by 3.
0
Calculate the remainder when 504 is divided by 39.
36
What is the remainder when 796 is divided by 7?
5
Calculate the remainder when 945 is divided by 50.
45
What is the remainder when 1335 is divided by 441?
12
Calculate the remainder when 1663 is divided by 4.
3
What is the remainder when 4090 is divided by 1360?
10
What is the remainder when 480 is divided by 437?
43
What is the remainder when 255 is divided by 62?
7
What is the remainder when 284 is divided by 22?
20
Calculate the remainder when 95 is divided by 14.
11
What is the remainder when 144 is divided by 25?
19
Calculate the remainder when